composite number?
True
Is 378501773 prime?
False
Is 3676667 a composite number?
False
Is 142101191 composite?
True
Is 88285459 a prime number?
True
Is 2373617 composite?
True
Is 4132417 composite?
True
Is 81493931 a composite number?
False
Is 228621743 a composite number?
True
Is 46362487 a composite number?
True
Is 22261549 prime?
True
Is 26243933 a prime number?
True
Is 2641673 prime?
False
Is 32457938 prime?
False
Is 396054011 a composite number?
True
Is 997821899 prime?
True
Is 26249017 a prime number?
False
Is 195847493 prime?
True
Is 5029907 a composite number?
False
Is 2182241 a prime number?
False
Is 7301671 a composite number?
True
Is 2090909 composite?
True
Is 2000291 prime?
True
Is 173054627 composite?
False
Is 241916161 prime?
True
Is 7684169 a prime number?
True
Is 121273 prime?
False
Is 93255157 composite?
False
Is 21683699 a prime number?
True
Is 173245841 a composite number?
True
Is 22781821 a prime number?
True
Is 2468965 a prime number?
False
Is 20074087 composite?
True
Is 231131791 a composite number?
True
Is 2587399 a prime number?
True
Is 49119989 composite?
False
Is 2147545 composite?
True
Is 78738053 prime?
False
Is 1620071 a prime number?
True
Is 437093 a prime number?
True
Is 212821 composite?
True
Is 201568531 composite?
True
Is 20510027 prime?
True
Is 118394797 a composite number?
True
Is 10917701 a composite number?
True
Is 29834527 a prime number?
False
Is 1381667 a composite number?
True
Is 922759 prime?
False
Is 90018431 prime?
False
Is 333257377 composite?
False
Is 11053607 a prime number?
True
Is 298621 prime?
True
Is 726987 a prime number?
False
Is 811598 prime?
False
Is 26034445 composite?
True
Is 550475051 a composite number?
True
Is 180127139 prime?
True
Is 102956909 composite?
True
Is 6889507 a composite number?
True
Is 4930741 a prime number?
True
Is 3688981 composite?
False
Is 12659999 a prime number?
False
Is 141535133 a composite number?
False
Is 327679 composite?
True
Is 14491721 prime?
True
Is 156612431 composite?
False
Is 4907017 prime?
False
Is 413456327 prime?
False
Is 2367745 composite?
True
Is 134013469 prime?
True
Is 16036469 composite?
False
Is 6887339 a composite number?
False
Is 239978527 prime?
False
Is 6972949 a composite number?
True
Is 18511001 a prime number?
False
Is 3932086 composite?
True
Is 866909 a prime number?
True
Is 262868577 a composite number?
True
Is 329417 a prime number?
False
Is 19927529 a composite number?
False
Is 4212473 prime?
False
Is 8295683 composite?
True
Is 8494897 a prime number?
True
Is 62496983 a composite number?
True
Is 24068639 a composite number?
True
Is 64867639 a composite number?
False
Is 23851823 prime?
True
Is 648397687 a composite number?
True
Is 24741451 a prime number?
False
Is 421943911 prime?
False
Is 9829447 prime?
True
Is 6116147 a composite number?
True
Is 24286969 prime?
False
Is 1156789 a prime number?
False
Is 213718 a prime number?
False
Is 50641223 a prime number?
False
Is 4638757 a composite number?
True
Is 1950373 a prime number?
False
Is 38201887 a prime number?
False
Is 90972781 prime?
True
Is 24610241 a composite number?
True
Is 42276329 composite?
False
Is 69798299 composite?
True
Is 2043973 prime?
False
Is 93393479 prime?
True
Is 4789123 composite?
False
Is 46283663 a composite number?
False
Is 47180347 prime?
True
Is 14752363 prime?
False
Is 71161423 prime?
False
Is 143904977 a prime number?
True
Is 1824087 a composite number?
True
Is 3760041 prime?
False
Is 620507 prime?
True
Is 9395269 a composite number?
True
Is 144909497 composite?
False
Is 32808823 prime?
True
Is 64836799 prime?
False
Is 1524109 a composite number?
False
Is 329691 composite?
True
Is 51976954 composite?
True
Is 7777093 composite?
False
Is 377103073 prime?
True
Is 124170967 a composite number?
False
Is 153338309 prime?
False
Is 37850011 composite?
True
Is 36947023 composite?
False
Is 38846427 a prime number?
False
Is 52610057 a composite number?
False
Is 7898963 prime?
False
Is 36134807 prime?
True
Is 342136814 a prime number?
False
Is 7541839 a prime number?
True
Is 139106659 prime?
True
Is 994985 a composite number?
True
Is 59299201 prime?
False
Is 61861 a prime number?
True
Is 3654887 a composite number?
True
Is 177344471 a composite number?
False
Is 556036213 prime?
True
Is 251609 a composite number?
False
Is 4121131 composite?
True
Is 4164343 composite?
False
Is 497611 a prime number?
False
Is 11098103 a composite number?
False
Is 575190817 prime?
True
Is 78920159 a composite number?
False
Is 2651017 a prime number?
True
Is 2801891 composite?
False
Is 18270337 a prime number?
False
Is 2675353 a prime number?
False
Is 3561919 a prime number?
False
Is 13220401 a composite number?
False
Is 5542931 composite?
True
Is 475378685 a prime number?
False
Is 1770229 prime?
False
Is 64367 a prime number?
False
Is 352988183 a composite number?
True
Is 169194461 prime?
True
Is 21332593 a composite number?
True
Is 2647681 composite?
False
Is 14861879 composite?
False
Is 5115185 a prime number?
False
Is 45457771 a prime number?
False
Is 20114279 a composite number?
True
Is 75105451 a composite number?
True
Is 19223219 a composite number?
True
Is 2110519 a prime number?
True
Is 9380893 prime?
True
Is 20732587 a composite number?
False
Is 15938819 composite?
True
Is 68101877 a composite number?
False
Is 25520314 a prime number?
False
Is 23537831 composite?
False
Is 190505015 prime?
False
Is 8552146 a composite number?
True
Is 4892471 a composite number?
False
Is 123910487 prime?
False
Is 211300877 prime?
False
Is 15504109 a composite number?
True
Is 110844698 prime?
False
Is 15453601 prime?
False
Is 158922653 composite?
False
Is 140642878 composite?
True
Is 1463219 prime?
True
Is 20056147 a composite number?
False
Is 1026005 prime?
False
Is 22557049 a composite number?
True
Is 1535179 a prime number?
True
Is 27445241 prime?
False
Is 341518063 prime?
True
Is 708803 a composite number?
False
Is 2590283 prime?
False
Is 54681434 a prime number?
False
Is 1395793 prime?
False
Is 6275197 composite?
True
Is 1028077538 a prime number?
False
Is 75818443 composite?
False
Is 97975967 prime?
True
Is 10759949 a prime number?
False
Is 11797241 prime?
True
Is 281174741 a prime number?
True
Is 2241353 a prime number?
True
Is 10087999 a prime number?
False
Is 216786611 prime?
True
Is 118629109 a prime number?
False
Is 581450993 a prime number?
True
Is 147004813 composite?
True
Is 8781337 a prime number?
True
Is 1015577 prime?
False
Is 11743783 a prime number?
True
Is 13889143 prime?
True
Is 381047 a prime number?
True
Is 15407603 a composite number?
False
Is 41042559 a composite number?
True
Is 40784629 composite?
True
Is 2855729 a composite number?
False
Is 6034201 prime?
False
Is 599266969 prime?
False
Is 29991097 a composite number?
False
Is 28407011 prime?
True
Is 1930761123 composite?
True
Is 3467759 a composite number?
False
Is 284408209 a prime number?
True
Is 202819 a composite number?
True
Is 233861 composite?
False
Is 469957 composite?
False
Is 129912271 prime?
True
Is 109294789 prime?
False
Is 149725621 a composite number?
False
Is 41466833 a prime number?
True
Is 7120219 a prime number?
True
Is 7914113 composite?
False
Is 1502331 a prime number?
False
Is 161455051 a prime number?
False
Is 25436129 a composite number?
True
Is 10105727 prime?
True
Is 364900667 prime?
True
Is 160609487 a composite number?
False
Is 7015289 a composite number?
True
Is 1574171 prime?
False
Is 6824329 a prime number?
True
Is 26789647 prime?
False
Is 339907 a prime number?
True
Is 20964889 prime?
False
Is 4168159 composite?
False
Is 1113361 a prime number?
False
Is 6742553 prime?
True
Is 1026101 a composite number?
False
Is 32125649 composite?
True
Is 12008089 a composite number?
True
Is 3385471 a prime number?
False
Is 30324487 prime?
False
Is 1508993 prime?
True
Is 1754939 a prime number?
True
Is 857102083 composite?
False
Is 3563321 a composite number?
True
Is 7969105 a prime number?
False
Is 5128139 composite?
True
Is 36212753 composite?
False
Is 38510957 a composite number?
False
Is 640585111 a prime number?
True
Is 60746669 composite?
False
Is 218435069 a prime number?
False
Is 217899139 a prime number?
False
Is 7103989 composite?
True
Is 9744941 a composite number?
True
Is 169092845 composite